+ (2 - 4 - -7)
-12
What is the value of -6 - (-15 - (-3 - -6 - 5 - 1))?
6
Calculate 1 - (-9 + 9 + (-4 - -1)) - -6.
10
(-3 - -15 - 7) + 0
5
What is (-4 - (4 + 3)) + (-429 - -412)?
-28
0 + 0 + (15 - 18)
-3
-19 - 2 - (-43 + 25)
-3
Calculate (-2 - (6 + (-13 - 2) - -10)) + -13.
-16
Calculate -13 - (-27 - 25) - 35.
4
Calculate (55 - 21) + 1 + -26.
9
What is the value of -19 + 15 + -11 + 16?
1
Evaluate 9 + 0 + -3 + (-9 - -15) + -5.
7
Evaluate -51 + 48 + (0 - 8).
-11
What is (-17 + -2 - -4 - -2) + -200 + 208?
-5
Calculate -8 + (-4 - -5 - 1) - (-31 - -21).
2
Evaluate 1 + (0 - 0) - (25 + -30 + -2).
8
What is 2 + -2 - (-1 - 0 - (11 + -5))?
7
Evaluate -17 - (-20 + -3 + 16).
-10
What is the value of 2 + -10 + 2 + (-47 - -34)?
-19
Calculate (8 - (-6 - -4)) + (12 - -5).
27
What is 1 - (22 + (15 - 22))?
-14
Calculate 18 + 4 + -27 - -25.
20
Evaluate -21 + 24 + (-2 - (-8 - -2)).
7
What is the value of 4 - (2 - (-6 - -3)) - (1 - -15)?
-17
Calculate -3 + -7 - (17 - -4 - 23).
-8
What is the value of 19 + 8 + -22 + 7?
12
Calculate -9 + 28 + (-1 - -2) + -4.
16
Calculate (-11 - (32 - 18)) + 13.
-12
What is -22 + 44 + -14 + -11?
-3
Evaluate -15 + (9 + -8 - -14).
0
Evaluate -7 - (-4 - (-7 + -3)) - -30.
17
Calculate (-4 - 5) + 9 - (4 - (27 - 2)).
21
Calculate -14 + (16 - (7 + -1 + 2)).
-6
What is the value of 4 + (-15 - -22) + -21?
-10
Calculate -2 - -10 - (-38 + 38).
8
What is (2 - 22) + (-19 + 50 - 31)?
-20
-12 + 8 + 9 + -3 + 4
6
What is -13 - (-10 + 1 + -201 + 210)?
-13
What is the value of 16 - (2 - (4 - 23))?
-5
What is the value of 31 + -29 - (-4 + (-6 - 3))?
15
What is (-11 - -17 - 25) + 20?
1
What is the value of -22 - (-4 + -14 + 11 + 3)?
-18
8 + (13 - 8) + 17
30
Calculate 15 + 11 + -26 - -15 - -1.
16
Calculate -8 + 22 + -24 + 4 + -2.
-8
What is the value of (13 - -9 - -17) + -18?
21
Evaluate -14 + -9 + 5 - -12.
-6
What is the value of -1 - -1 - (7 - (-33 + 18))?
-22
What is 8 - ((-5 - -6 - 16) + -5 - -8)?
20
14 + -2 + -3 + -12
-3
What is -5 - 1 - -2 - (-31 - -20) - -4?
11
Calculate -7 + (24 - 7) + -19 + 30.
21
What is the value of -12 - (-6 + 1 + 1)?
-8
-250 + 248 + -12 + 0
-14
Calculate -17 - (-4 - -2) - -8 - (-6 - -4).
-5
What is the value of (12 - 12) + 0 - (-4 - (4 + 2))?
10
What is the value of -2 - (28 - 24) - -37?
31
-35 + (24 - (10 + -3))
-18
What is 0 + (-5 - 21 - -38)?
12
Calculate (18 - 4) + -24 - (2 + -7).
-5
What is the value of -2 + (-10 - (-8 + 0 + 4))?
-8
Evaluate 9 + -39 + 28 + -10.
-12
What is 123 + -146 - (-1 + -17)?
-5
Calculate -1 + -1 + -5 + (-7 - -14) + -5.
-5
-21 + 28 + -48 + 23
-18
2 + (5 - -1) + -2 + (1 - -3)
10
What is -7 + -23 + 51 + -40?
-19
What is 42 + -28 + (-10 - 5) + -1 + -4?
-6
What is the value of (1 - 24) + (-14 + 21 - (0 + 0))?
-16
What is 15 - (-8 - -28 - 4)?
-1
Calculate (8 - 15 - (0 + -1)) + (4 - 0).
-2
Evaluate -6 + -8 - (-9 + -20 - 22).
37
What is the value of (-5 - 0) + 5 + (-4 - -5) + 7?
8
What is (-1 - (-6 + 0)) + -32 + 22 + -10?
-15
Evaluate -3 + (-3 + (19 - 6) - 4) + -5.
-2
What is 151 + -137 + -10 + 0 - (-2 + 0)?
6
What is 7 - (-7 - -38 - 9)?
-15
What is the value of -2 + (13 - -3 - 8)?
6
Calculate 29 + (-32 - -25) + -21.
1
Calculate -22 + (30 - (24 + -10)).
-6
What is -1 + (-41 + 52 - (13 + 2))?
-5
Calculate (3 - (-5 - -22)) + -13 + 21.
-6
(25 + -14 - (11 + -2)) + 0
2
Evaluate 4 - (12 + 10 + (-11 - 4)).
-3
-29 + 23 + -13 - -10
-9
Evaluate -3 + 12 + -3 - (80 - 79).
5
Evaluate -4 - ((6 - 5) + 6 + (-11 - 13)).
13
What is -17 - ((3 - (8 - 1)) + (17 - 17))?
-13
Calculate (-23 - 24 - -60) + (2 - 2 - -10).
23
What is 3 + (-14 + 16 - 9) - -1?
-3
What is 2 + -5 + 53 + -38?
12
Calculate -1 - -5 - (-1 - 2 - 6).
13
Evaluate (33 - 36) + (24 - 1 - -3).
23
13 - 1 - (0 - (-66 + 76))
22
Evaluate -5 - -1 - 3 - (20 + -23).
-4
What is 6 - (34 - (12 + 6))?
-10
What is the value of -8 + (0 - -1) + -2?
-9
Calculate (2 - -20) + (-81 - -63).
4
What is the value of 30 + -10 + -6 + (-1 - 4)?
9
152 + -145 - (4 - -16)
-13
(-18 - -6) + 10 - 3 - 5
-10
What is the value of 4 + 10 + -6 + -7 - -21?
22
-42 + (40 - 12) - 26
-40
What is the value of 43 + -37 + -39 + -1 + 8?
-26
What is the value of 10 - 2 - (13 + (5 - 15 - -4))?
1
Evaluate 5 - 7 - (14 + -10).
-6
(85 - 96) + (-4 + 8 + -4 - 4)
-15
What is the value of -17 + ((-3 - -1) + 19 - 13)?
-13
What is 13 + 1 + -14 + 35 + -17?
18
Evaluate 13 - (0 + 23 + -13 - 14).
17
What is the value of -1 - (17 + (1 + -11 - (21 + -24)))?
-11
What is the value of 0 + 8 - (6 + (-10 - 2))?
14
What is the value of -4 + -2 - ((15 - 25) + 18)?
-14
What is the value of 23 + (6 - -13) + -6 + -4 - 2?
30
What is the value of -3 + (0 - 9) + (-218 - -220)?
-10
What is the value of -38 + 1 - (-44 - -17)?
-10
Calculate (-6 - -5 - 1) + 19.
17
Calculate (11 - 0) + (-18 - (-63 + 37)).
19
What is the value of -1 - 5 - (-5 + 1 - -1) - -4?
1
What is the value of 9 - (-6 + (37 - 13) + -13)?
4
1 + 8 - (4 - (-33 + 28)) - 38
-38
What is the value of 4 + -13 + -3 + 11?
-1
-8 + -1 + -10 + (10 - (6 + -13))
-2
-12 - (-11 - (-5 - -18))
12
What is -789 + 790 + (-1 - 0) + 14 + -1?
13
Calculate 17 - 21 - (1 - 4) - -6 - 2.
3
5 + (7 - -13) + -29
-4
What is the value of (-5 - (4 - (36 + -17))) + -1?
9
Calculate -82 + 95 + -3 + 4.
14
Evaluate (-13 + -16 - -61) + -24.
8
4 + -4 + 12 + -1 + -3 + -1
7
Evaluate 7 - (13 - (6 - -3)) - (-1 - 7).
11
Evaluate -9 + 22 + -17 + (2 - 7 - -21).
12
Calculate 0 + -1 + -3 + 2 - (579 - 588).
7
Evaluate -8 + 0 + 109 + -103 - 2.
-4
Evaluate (31 - 30) + -32 + 0 + 6 + 3.
-22
Evaluate (27 - 13) + -27 - -21.
8
Calculate 4 - ((-1 - (-11 - -2)) + -99 + 102).
-7
What is the value of -49 + 44 + 1 + -3 + 0?
-7
Evaluate -8 + (-14 - 6) - -19.
-9
Evaluate -2 - -17 - (127 + -127).
15
What is 26 + 2 - (149 + -125)?
4
What is the value of 18 + -33 + (14 - 14)?
-15
What is 10 + -38 + 31 - -18?
21
What is the value of 3 - -1 - (-107 - -97)?
14
(7 - (10 - -12)) + 5
-10
What is -26 + 3 - -3 - (111 - 106)?
-25
Evaluate -7 + (3 - 8) + 3 + 6 + -2.
-5
What is the value of -7 - (-40 + 24) - (-2 + -12)?
23
What is -6 - (0 + 1) - (34 + -59)?
18
What is -18 + 10 + 20 - (18 + -5)?
-1
What is (-28 - (-2 + 6)) + 5?
-27
What is the value of 47 + 9 + -10 + -19?
27
Calculate -144 - -110 - (-2 - 34).
2
Evaluate (10 - (-5 + -4 + 18 - 5)) + -1.
5
(-55 - (13 - 45)) + 7
-16
What is the value of 8 - 7 - (-44 + 59)?
-14
Calculate 7 + -16 + (-6 - 7 - -10).
-12
Evaluate -29 + (0 - -10 - (6 - -3)) + 10.
-18
4 + 12 + -10 + -3
3
Evaluate 4 + (2 - -2) + -9.
-1
472 + -464 + (4 - 0)
12
What is the value of -8 + -11 + 15 + (8 - -1)?
5
What is the value of 4 - (1 - (-3 - (-5 - 0) - 5))?
0
10 + (2 - (-5 - (1 - 7 - -5)))
16
Evaluate (1 - (3 + -14) - -12) + 3 + 7.
34
What is the value of -22 - (-28 - (9 - 15))?
0
Evaluate 14 + 2 + -64 + 74.
26
Evaluate 9 + -15 + 3 + (2 - (11 - -1)).
-13
What is the value of 7 + (-21 - -12 - -1)?
-1
Calculate 4 + -11 - (-2 + -2 - (-3 + 3)).
-3
-1 + -4 + 1 + (100 - 167 - -68)
-3
8 + (0 - 5) + 80 + -80
3
What is the value of (-4 - (-2 + -11 + 5)) + -4?
0
What is the value of -1 + -3 + 7 + (6 - -12 - 9)?
12
51 + (34 + -42 - 26)
17
What is -263 - -274 - (0 + 16)?
-5
Evaluate 27 - ((70 - 76) + 3 + (1 - 0)).
29
Evaluate 4 - (17 + 0 + 3 + -7 - 3).
-6
What is the value of (0 - -1) + -1 + (-49 - -23) + 32?
6
Calculate 1 + (-6 + 6 + 8 - 2).
7
17 + 1 + 25 + -37
6
What is the value of (37 - 0) + 400 + -445?
-8
Evaluate 7 - (-2 - (-9 + 1)) - (23 - 4).
-18
Calculate -9 + 20 + -16 + (-6 - 2).
-13
Evaluate (-6 - (11 + -13 - -3)) + -1 + -2.
-10
Evaluate 13 + (-3 - (-59 - -42)).
27
3 - (49 - 32) - 20
-34
Evaluate 7 + -11 + 2 - 5.
-7
(-11 + 38 - 25) + (3 + 2 - 1)
6
What is (-8 - 4 - -10 - -42) + (-1 - 7)?
32
Calculate 7 - (-8 + 15 + 9) - -1.
-8
What is the value of 3 + -13 - (-4 - ((1 - 6) + 5))?
-6
What is -124 + 93 - (4 + -37)?
2
-238 + 237 - (-11 + 0)
10
Calculate 1 + 7 + -9 + 1 - -7.
7
1 + 0 + -3 - (-52 - -77 - 19)
-8
Calculate 12 - ((20 - 8) + -21 + 2).
19
Evaluate (13 - (28 - 15) - -33) + -13.
20
What is the value of -12 + (3 - (-5 + -1)) - 8?
-11
What is the value of 35 + (18 + -47 - -10)?
16
-1 + ((-5 - -11) + 0 + 3 - 3)
5
Evaluate 0 + -1 - (16 + (8 - (12 - -3))).
-10
Evaluate 11 + -15 + 11 + -3.
4
What is 5 + -23 - -5 - 5?
-18
What is the value of (-12 - -4) + -17 + 12 + 2?
-11
Evaluate (73 - 80) + (-1 - (-3 - -1 - 14)).
8
What is -1 + 14